*i - 45, q = -3*i - 3*q + 50. What are the prime factors of 96/i - 8/d?
2, 5
Let c = -21 - -44. Suppose 0 = 5*p - 22 - c. What are the prime factors of p?
3
Suppose 7*g - 2*g - 20 = 0. Let z = -2 + g. What are the prime factors of z?
2
Suppose -5*f + 26 = 2*y, 22 = 5*y - 3*y + 4*f. Suppose -y*w + 0 = -9. Suppose -3*r + w*h + h = -25, -4*r = 5*h - 85. What are the prime factors of r?
3, 5
Suppose -4*a + 69 + 59 = 0. What are the prime factors of a?
2
What are the prime factors of 2 + -6 + 4 - -19?
19
Let y = 6 + -4. Suppose -20 = -5*x - 5*j, -4*x - y*j = -0*j - 14. Suppose 4*o = -4*c + 4, -3*o + x = -2*o - c. List the prime factors of o.
2
Let b = 32 - 21. Suppose -4*w + b = k, 3*k = 3*w + k - 22. Suppose 0*d - 2*d - w*l = 0, 0 = -d + 4*l + 12. List the prime factors of d.
2
Let h(f) = -2*f - 7. Let k = 16 - 23. List the prime factors of h(k).
7
Let j(l) = 18*l - 1. Let b be j(1). Let m = 32 - b. Suppose -3*x = -5*o - 2*x + 11, m = 5*o - 5*x. What are the prime factors of o?
2
Let j = 6 + -2. Let k be 12*(2 - (-9)/(-6)). Suppose 3*a - k = -z, -2*a - a - 39 = -j*z. What are the prime factors of z?
3
Let m = 40 - 7. List the prime factors of m.
3, 11
What are the prime factors of (-310)/(-5)*3/2?
3, 31
Let w = -13 + 28. What are the prime factors of w?
3, 5
Let h(d) = d**2 + 5*d - 4. Let p be h(3). Suppose 6*o - 4*o = -p. List the prime factors of o/(-4) - (-4)/8.
3
Suppose -5*m + 69 = -336. Suppose -3*v + 29 = -2*c - 19, -5*v + 3*c + m = 0. What are the prime factors of v?
2, 3
Let m(n) = 2*n**2 + 2*n - 5. What are the prime factors of m(-11)?
5, 43
Suppose -4*c = -4*n + 240, c = -5*n - 177 + 447. List the prime factors of n.
5, 11
Let a(z) = -z**3 + 8*z**2 + 2. Let h be a(8). Suppose 0 = v - 0*v - h. Suppose 3 + 1 = v*d. What are the prime factors of d?
2
Let p be 4/(-6) - (-37)/(-3). Let t = 1 - p. List the prime factors of t.
2, 7
Let b(j) = 6*j**2 + 3*j + 9. List the prime factors of b(-5).
2, 3
Suppose f + 4 = 8. Let b(d) = -d**2 + 3*d + 3. Let l be b(f). Let n = 6 - l. List the prime factors of n.
7
Let a be ((-102)/4)/(12/(-16)). Suppose 5*k - 2*c - 27 = 0, -4*c = 2*k - a + 4. List the prime factors of k.
7
What are the prime factors of ((-700)/(-30))/((-2)/(-3))?
5, 7
Suppose 94 = 4*h - 14. List the prime factors of h.
3
Suppose 4 = -5*x + 19. Let j(l) = -l + 1. Let s be j(1). Suppose s = -2*z + x*z - 9. List the prime factors of z.
3
Let v(w) = -4*w + w + 0*w. Let f(s) = 7*s - 1. Let l(y) = 3*f(y) + 5*v(y). What are the prime factors of l(2)?
3
Let q = 91 + -43. What are the prime factors of q?
2, 3
Let q(m) = -7*m**3 + m**2 + 3*m + 2. Let b be q(-4). Suppose -3*s = -s - 5*c - b, -635 = -3*s - 4*c. List the prime factors of s/35 - 2/10.
2, 3
Let j be ((-66)/(-4))/((-9)/(-12)). Let c = 33 - j. What are the prime factors of c?
11
Suppose 5*x + 188 = q, -7*q + 2*q + 1044 = x. List the prime factors of q.
2, 13
Let f(j) = -2*j + 6. Let s be f(6). Let n = -3 - s. Suppose -2*y + 75 = 5*h, -n = -4*h + 5*y + 24. What are the prime factors of h?
13
Suppose -2*x + 8 = 2*p, -5*p - x - x + 14 = 0. Let b(w) = -w**3 + w**2 + w + 2. Let o be b(p). Suppose o = 4*i - 2*i - 6. List the prime factors of i.
3
Suppose 2*y + 560 = 6*y. Suppose l - y = -4*l. What are the prime factors of l?
2, 7
Let l = 815 + -510. What are the prime factors of l?
5, 61
Let n be (-68)/(-8) - (-2)/4. Suppose -g + n = -0*g. What are the prime factors of g?
3
List the prime factors of 18/5*(2 + 3).
2, 3
Let o be -1*(2 - 2) - -2. Suppose 3*c = -o*c + 45. Suppose -g = -c + 1. List the prime factors of g.
2
Suppose 0*t = t - 9. Let o(m) = -3*m - m + 1 + t*m. What are the prime factors of o(1)?
2, 3
Let w(a) = 2*a**2 - a + 1. Let h = -5 + 6. List the prime factors of w(h).
2
Let o be 6/15 - (-46)/10. Suppose -f + 6*f = -o. What are the prime factors of 1 - f - 2*-6?
2, 7
Suppose 2*y + 445 = 7*y. List the prime factors of y.
89
Let t = 7 + -5. Suppose 2 = 4*f - t, h - 23 = 3*f. List the prime factors of h.
2, 13
Let f(j) = j**3 + 7*j**2 + 7*j + 2. Let p be (-1)/(2 - 27/15). List the prime factors of f(p).
17
Suppose -2*n + 26 = 2. Suppose 0 = 2*b + d - 53, -5*d + 3 = -n. List the prime factors of b.
5
Let v = -1 - 0. Let i be v/(-3)*1*27. Suppose -21 = -3*r + i. What are the prime factors of r?
2, 5
Suppose 3*m = -9*m + 552. What are the prime factors of m?
2, 23
Let v = 317 + -142. List the prime factors of v.
5, 7
Suppose -5*h - 140 = -5*z, -4*z + h + 0*h + 100 = 0. List the prime factors of z.
2, 3
Let m(d) = 22*d**2 - d - 1. Let j be m(-1). Let v = j + -11. List the prime factors of v.
11
Let l = 169 + -78. List the prime factors of l.
7, 13
Let u = -83 + 128. Suppose -i = -4*i - 96. Let t = u + i. What are the prime factors of t?
13
Let g(r) = 0 - 2*r + r + 23. What are the prime factors of g(0)?
23
Suppose -3*x + 134 = -223. What are the prime factors of x?
7, 17
Let w(i) = -i - 4. Suppose 0 = 3*x - 0*x + 18. What are the prime factors of w(x)?
2
Let c(y) be the third derivative of y**6/120 + 2*y**5/15 + y**4/12 + 7*y**3/6 + y**2. List the prime factors of c(-7).
2, 3, 7
Suppose 0 = 3*q - 4*y - 201, 5*q + y = 5*y + 327. Suppose -6*x = -3*x - q. List the prime factors of x.
3, 7
Suppose 2*o = 5 + 13. Let f = 18 - o. List the prime factors of f.
3
Let g = 29 + -12. Let u = 33 - g. List the prime factors of u.
2
Let q(i) = 2*i**3 + 5*i - 3. What are the prime factors of q(3)?
2, 3, 11
Suppose -5*g + 997 - 315 = -m, 5*m = 3*g - 418. Let d = -96 + g. List the prime factors of d.
2, 5
Suppose 8*q - 63 = 9. Suppose u + 9 = -3*p, -6 = -4*u - 0*u + 2*p. Suppose a - q = -u. What are the prime factors of a?
3
Let y be 6 + (1 - 2 - -1). Suppose y = -p - p. Let b(o) = -2*o + 3. What are the prime factors of b(p)?
3
Suppose 0*d = 3*d - 54. Suppose 3*a + a = -3*r - 47, 2*a - 4*r + 18 = 0. Let g = d + a. List the prime factors of g.
7
Suppose 6*b - 5*b = 25. What are the prime factors of b?
5
Suppose 0*d + 4 = p + 4*d, 31 = -p + 3*d. Let l = 29 + p. List the prime factors of l.
13
Let k(t) = t**2 + 5*t + 7. Let u be k(-10). Let c = u - 41. What are the prime factors of c?
2
Let p(r) = r**2 - 1. Let y(d) = -4*d**2 - 6*d + 3. Let u(o) = 3*p(o) + y(o). What are the prime factors of u(-5)?
5
Let o be (-16)/(-6)*(-9)/(-3). Let m = 11 - o. Suppose m*j + 9 = 30. List the prime factors of j.
7
Let y = -3 - -3. Suppose 3*g + y = 6. Suppose 3*w - g = 2*w - 2*p, 0 = -2*p. What are the prime factors of w?
2
Let d(o) = -o - 8. Let r be d(-10). Let q(p) = p**2 - 2*p + 3. List the prime factors of q(r).
3
Let f = -1 + -1. List the prime factors of f - (-10 - (-1 - 0)).
7
Suppose -5*k + 10 = -25. What are the prime factors of k?
7
Let h(b) = b**2 + 5*b + 2. What are the prime factors of h(-6)?
2
Let b = -16 - -11. Let s(q) = -q + 3. Let a be s(5). Let i = a - b. What are the prime factors of i?
3
Let m be (1 - 6) + 1/1. Suppose 4 + 4 = -2*p. List the prime factors of (-1)/m - 23/p.
2, 3
Suppose -10*i - 6*i + 832 = 0. List the prime factors of i.
2, 13
Let x(f) = -2*f**2 - 3*f**3 - 3*f - 4 + 4*f**3 - 2*f**3 + f. What are the prime factors of x(-3)?
11
Let s(g) = -g - 2. Let f be s(-10). Let r be (-2)/f - (-132)/16. What are the prime factors of 14/r - 5/(-20)?
2
Suppose 0 = -4*r - 3 + 7. List the prime factors of r + -3 + 1 + 20.
19
Suppose -13*u = -18*u + 160. List the prime factors of u.
2
Let v(g) = -g**2 + 54. Let f be v(0). Let x be ((-4)/12)/(1/(-114)). Let z = f - x. List the prime factors of z.
2
Suppose 0 = 2*w - 18 - 2. What are the prime factors of w?
2, 5
Suppose -5*l = -2*b + 16, -2*b - 74 = -5*b - 5*l. Let o = b - 13. Suppose -2 = -p + o. List the prime factors of p.
7
Let r(k) = k**3 + 7*k**2 - 2*k - 4. Suppose -8 = -4*a + 56. Let u = 9 - a. What are the prime factors of r(u)?
2, 5
Let o(u) = u**3 - 17*u**2 + 35*u - 4. What are the prime factors of o(15)?
71
Suppose -j = -1 - 0. Suppose -2*s = -g + 10 + j, 5*g = -3*s + 55. What are the prime factors of g?
11
Let y(d) = 2*d**2 + 7*d + 5. Let f be y(-4). Suppose -7 = -4*l + f. What are the prime factors of l?
2
List the prime factors of (-4)/((-770)/(-195) + -4).
2, 3, 13
Let k(w) = 2*w + 2. Let y be k(5). Let t = y + -7. List the prime factors of t.
5
Suppose 14*a - 27 = 5*a. Suppose 4*y = -7 + 23. Suppose -a*x - 12 = -y*x. List the prime fa